{"id":5,"date":"2011-08-29T08:26:03","date_gmt":"2011-08-29T08:26:03","guid":{"rendered":"http:\/\/5hininglights.wordpress.com\/?page_id=5"},"modified":"2025-10-20T19:22:20","modified_gmt":"2025-10-20T17:22:20","slug":"live","status":"publish","type":"page","link":"https:\/\/www.shininglights.de\/index.php\/live\/","title":{"rendered":"Live"},"content":{"rendered":"<p>Zur Zeit sind keine Auftritte geplant. Wir arbeiten dran!<\/p>\n<p><img loading=\"lazy\" decoding=\"async\" class=\"alignleft size-large wp-image-579\" src=\"https:\/\/www.shininglights.de\/wp-content\/uploads\/2025\/04\/25-07-24-Plakat-1024x757.jpg\" alt=\"\" width=\"692\" height=\"512\" srcset=\"https:\/\/www.shininglights.de\/wp-content\/uploads\/2025\/04\/25-07-24-Plakat-1024x757.jpg 1024w, https:\/\/www.shininglights.de\/wp-content\/uploads\/2025\/04\/25-07-24-Plakat-300x222.jpg 300w, https:\/\/www.shininglights.de\/wp-content\/uploads\/2025\/04\/25-07-24-Plakat-768x568.jpg 768w, https:\/\/www.shininglights.de\/wp-content\/uploads\/2025\/04\/25-07-24-Plakat.jpg 1225w\" sizes=\"auto, (max-width: 692px) 100vw, 692px\" \/><\/p>\n<p style=\"text-align: left;\"><strong style=\"text-align: left;\"><span style=\"text-decoration: underline;\">R\u00fcckblick:<img loading=\"lazy\" decoding=\"async\" class=\"alignright size-medium wp-image-497\" src=\"https:\/\/www.shininglights.de\/wp-content\/uploads\/2024\/03\/24-05-25-Plakat-300x211.jpg\" alt=\"\" width=\"300\" height=\"211\" srcset=\"https:\/\/www.shininglights.de\/wp-content\/uploads\/2024\/03\/24-05-25-Plakat-300x211.jpg 300w, https:\/\/www.shininglights.de\/wp-content\/uploads\/2024\/03\/24-05-25-Plakat-1024x721.jpg 1024w, https:\/\/www.shininglights.de\/wp-content\/uploads\/2024\/03\/24-05-25-Plakat-768x541.jpg 768w, https:\/\/www.shininglights.de\/wp-content\/uploads\/2024\/03\/24-05-25-Plakat.jpg 1351w\" sizes=\"auto, (max-width: 300px) 100vw, 300px\" \/><\/span><\/strong><\/p>\n<p><strong><img loading=\"lazy\" decoding=\"async\" class=\" wp-image-258 alignright\" src=\"https:\/\/www.shininglights.de\/wp-content\/uploads\/2016\/06\/16-07-21-plakat-300x212.jpg\" alt=\"\" width=\"342\" height=\"242\" srcset=\"https:\/\/www.shininglights.de\/wp-content\/uploads\/2016\/06\/16-07-21-plakat-300x212.jpg 300w, https:\/\/www.shininglights.de\/wp-content\/uploads\/2016\/06\/16-07-21-plakat-768x543.jpg 768w, https:\/\/www.shininglights.de\/wp-content\/uploads\/2016\/06\/16-07-21-plakat-1024x724.jpg 1024w, https:\/\/www.shininglights.de\/wp-content\/uploads\/2016\/06\/16-07-21-plakat.jpg 1286w\" sizes=\"auto, (max-width: 342px) 100vw, 342px\" \/><\/strong><strong>24.07.2025 Berlin-Niedersch\u00f6nhausen (Pankow)<br \/>31.05.2025 Souterrain-Weinlokal (Pankow)<br \/>07.12.2024 Souterrain-Weinlokal (Pankow)<br \/>18.07.2024 Berlin-Niedersch\u00f6nhausen (Pankow)<br \/>25.05.2024 Souterrain-Weinlokal (Pankow)<br \/>13.07.2023 Berlin-Niedersch\u00f6nhausen (Pankow)<br \/>06.06.2023 Berlin-Niedersch\u00f6nhausen (Pankow)<br \/>20.06.2019 Berlin-Niedersch\u00f6nhausen (Pankow)<br \/>13.07.2017 Berlin-Niedersch\u00f6nhausen (Pankow)<br \/><\/strong><strong>17.06.2017 Berlin-Tempelhof<br \/>21.07.2016 Berlin-Niedersch\u00f6nhausen (Pankow)<br \/><\/strong><strong>16.01.2016 Berlin-Reinickendorf<br \/><\/strong><strong>16.12.2015 Berlin-Niedersch\u00f6nhausen (Pankow)<br \/>31.10.2015 Berlin-Niedersch\u00f6nhausen (Pankow)<\/strong><br \/><strong>16.07.2015 Berlin-Niedersch\u00f6nhausen (Pankow)<br \/>12.09.2014 Berlin Reinickendorf<br \/>10.07.2014 Berlin-Niedersch\u00f6nhausen (Pankow)<br \/><\/strong><strong>18.06.2012 Berlin-Neuk\u00f6lln<br \/>21.05.2011 Berlin-<\/strong><strong>Niedersch\u00f6nhausen (Pankow)<br \/>28.11.2009 Sachsenhausen<img loading=\"lazy\" decoding=\"async\" class=\"alignleft size-medium wp-image-426\" src=\"https:\/\/www.shininglights.de\/wp-content\/uploads\/2019\/05\/19-06-20-Plakat-3-216x300.jpg\" alt=\"\" width=\"216\" height=\"300\" srcset=\"https:\/\/www.shininglights.de\/wp-content\/uploads\/2019\/05\/19-06-20-Plakat-3-216x300.jpg 216w, https:\/\/www.shininglights.de\/wp-content\/uploads\/2019\/05\/19-06-20-Plakat-3-768x1068.jpg 768w, https:\/\/www.shininglights.de\/wp-content\/uploads\/2019\/05\/19-06-20-Plakat-3-737x1024.jpg 737w, https:\/\/www.shininglights.de\/wp-content\/uploads\/2019\/05\/19-06-20-Plakat-3.jpg 1555w\" sizes=\"auto, (max-width: 216px) 100vw, 216px\" \/><img loading=\"lazy\" decoding=\"async\" class=\"alignleft size-medium wp-image-174\" src=\"https:\/\/www.shininglights.de\/wp-content\/uploads\/2015\/06\/plakat-s-lights-2015-216x300.jpg\" alt=\"\" width=\"216\" height=\"300\" srcset=\"https:\/\/www.shininglights.de\/wp-content\/uploads\/2015\/06\/plakat-s-lights-2015-216x300.jpg 216w, https:\/\/www.shininglights.de\/wp-content\/uploads\/2015\/06\/plakat-s-lights-2015-768x1069.jpg 768w, https:\/\/www.shininglights.de\/wp-content\/uploads\/2015\/06\/plakat-s-lights-2015-736x1024.jpg 736w\" sizes=\"auto, (max-width: 216px) 100vw, 216px\" \/><\/strong><\/p>\n<p><img loading=\"lazy\" decoding=\"async\" class=\"alignleft size-medium wp-image-277\" src=\"https:\/\/www.shininglights.de\/wp-content\/uploads\/2017\/03\/17-06-17-plakat-web-300x212.jpg\" alt=\"\" width=\"300\" height=\"212\" srcset=\"https:\/\/www.shininglights.de\/wp-content\/uploads\/2017\/03\/17-06-17-plakat-web-300x212.jpg 300w, https:\/\/www.shininglights.de\/wp-content\/uploads\/2017\/03\/17-06-17-plakat-web-768x543.jpg 768w, https:\/\/www.shininglights.de\/wp-content\/uploads\/2017\/03\/17-06-17-plakat-web-1024x724.jpg 1024w, https:\/\/www.shininglights.de\/wp-content\/uploads\/2017\/03\/17-06-17-plakat-web.jpg 1258w\" sizes=\"auto, (max-width: 300px) 100vw, 300px\" \/><\/p>\n\n\n<p><\/p>\n","protected":false},"excerpt":{"rendered":"<p>Zur Zeit sind keine Auftritte geplant. Wir arbeiten dran! R\u00fcckblick: 24.07.2025 Berlin-Niedersch\u00f6nhausen (Pankow)31.05.2025 Souterrain-Weinlokal (Pankow)07.12.2024 Souterrain-Weinlokal (Pankow)18.07.2024 Berlin-Niedersch\u00f6nhausen (Pankow)25.05.2024 Souterrain-Weinlokal (Pankow)13.07.2023 Berlin-Niedersch\u00f6nhausen (Pankow)06.06.2023 Berlin-Niedersch\u00f6nhausen (Pankow)20.06.2019 Berlin-Niedersch\u00f6nhausen (Pankow)13.07.2017 Berlin-Niedersch\u00f6nhausen (Pankow)17.06.2017 Berlin-Tempelhof21.07.2016 Berlin-Niedersch\u00f6nhausen (Pankow)16.01.2016 Berlin-Reinickendorf16.12.2015 Berlin-Niedersch\u00f6nhausen (Pankow)31.10.2015 Berlin-Niedersch\u00f6nhausen (Pankow)16.07.2015 Berlin-Niedersch\u00f6nhausen (Pankow)12.09.2014 Berlin Reinickendorf10.07.2014 Berlin-Niedersch\u00f6nhausen (Pankow)18.06.2012 Berlin-Neuk\u00f6lln21.05.2011 Berlin-Niedersch\u00f6nhausen (Pankow)28.11.2009 Sachsenhausen<\/p>\n","protected":false},"author":2,"featured_media":0,"parent":0,"menu_order":2,"comment_status":"closed","ping_status":"closed","template":"","meta":{"footnotes":""},"class_list":["post-5","page","type-page","status-publish","hentry"],"_links":{"self":[{"href":"https:\/\/www.shininglights.de\/index.php\/wp-json\/wp\/v2\/pages\/5","targetHints":{"allow":["GET"]}}],"collection":[{"href":"https:\/\/www.shininglights.de\/index.php\/wp-json\/wp\/v2\/pages"}],"about":[{"href":"https:\/\/www.shininglights.de\/index.php\/wp-json\/wp\/v2\/types\/page"}],"author":[{"embeddable":true,"href":"https:\/\/www.shininglights.de\/index.php\/wp-json\/wp\/v2\/users\/2"}],"replies":[{"embeddable":true,"href":"https:\/\/www.shininglights.de\/index.php\/wp-json\/wp\/v2\/comments?post=5"}],"version-history":[{"count":40,"href":"https:\/\/www.shininglights.de\/index.php\/wp-json\/wp\/v2\/pages\/5\/revisions"}],"predecessor-version":[{"id":642,"href":"https:\/\/www.shininglights.de\/index.php\/wp-json\/wp\/v2\/pages\/5\/revisions\/642"}],"wp:attachment":[{"href":"https:\/\/www.shininglights.de\/index.php\/wp-json\/wp\/v2\/media?parent=5"}],"curies":[{"name":"wp","href":"https:\/\/api.w.org\/{rel}","templated":true}]}}